3*f + 2. Let i(b) = b - 7*b**w + 2*b + 8*b**f + 5. Give i(-4).
9
Let r be (8/60 - 14/105)/1. Let w(a) be the first derivative of -a**4/4 - a**3/3 - a**2/2 + 14*a - 30. Determine w(r).
14
Let p(o) = -2*o**3 - 27*o**2 - 2 + 3 + 3*o**2 + 1. Let x be p(-12). Let b(d) = 3*d**2 - 3*d + 2. Calculate b(x).
8
Let l(t) = t**2 + 8*t + 9. Let x be l(-7). Suppose -3*n = i - 12, x*n + i + 1 - 10 = 0. Let w(d) = -n*d**2 + 1 + 4 - d**3 - 6 + 5 + 6*d. Determine w(-4).
-4
Let v(a) be the third derivative of a**5/20 + a**4/3 + a**3/6 - 287*a**2. What is v(-2)?
-3
Let p be (7/21)/((-1)/(-9)*-3). Let t(z) = -40*z**3 - 2*z**2 - 4*z - 2. Determine t(p).
40
Suppose 14*n - 17057 = -3813. Let m = n + -944. Let z(k) = 4*k**2 - 9*k + 8. Give z(m).
6
Let j(n) = n - 1. Let c(x) = -11*x - 15. Let d(s) = -c(s) - 6*j(s). Let k(g) = -g - 4. Let t(y) = -2*d(y) - 11*k(y). Let f = 2 - -2. Determine t(f).
6
Let b(n) = 2*n + 6 - 3 + 3. Suppose -2417 = 87*f - 1721. What is b(f)?
-10
Let h(v) = -2*v**3 - 3*v**2 + v**3 + 0*v**2. Let l = 211 + -355. Let i be (-3)/(-5) - l/(-40). What is h(i)?
0
Let d(b) = 89*b**3 - 143*b**2 + 41*b - 17. Let x(j) = -45*j**3 + 66*j**2 - 19*j + 8. Let i(r) = -6*d(r) - 13*x(r). Calculate i(1).
50
Suppose -43 = -3*d + 5*k, -5*k = -18*d + 13*d + 55. Let s be 16 - (-4 - (-54)/d). Let p(v) = -v**2 + 13*v + 9. Calculate p(s).
31
Let n(l) be the first derivative of l**6/360 - l**5/24 + l**4/12 + 55*l**3 + 16. Let a(p) be the third derivative of n(p). Give a(5).
2
Let l(i) = -62*i + 291. Let y(g) = -7*g - 12. Let d(v) = -l(v) - 3*y(v). Calculate d(3).
-6
Let s(d) = -d - 1. Let k(w) = 10*w + 6. Let o(f) = k(f) + 8*s(f). Let l be 1 - (0 - (-1 + -1)). Let y be (l + (-2)/4)*270/81. Give o(y).
-12
Let a(j) = 2*j - 1. Let m = -20 + 21. Let g(i) = -m - 3*i + i + 9 + i. Let h be g(2). What is a(h)?
11
Suppose f + 11 = l - 0*l, 0 = -f - 4*l + 14. Let a(q) be the first derivative of -q**4/4 - 7*q**3/3 - 5*q**2/2 + 6*q + 7214. Calculate a(f).
0
Let m(x) be the second derivative of 3*x**4/4 - 2*x**3/3 - 3*x**2 - 51*x. Let g be m(2). Let t(p) = 0*p + 19 - 37 - p + g. Determine t(2).
2
Let f(x) = 3*x**3 - 2*x**3 - 1266*x**2 - 2*x**3 + 1271*x**2 - 5 + 6*x. Suppose 0 = 19*s - 23*s + 24. Give f(s).
-5
Let y(j) = 10*j - 14. Suppose 2*l - 55 = -12*l + 57. Determine y(l).
66
Let c(s) = 2*s - 3. Let v be (84/(-56))/(2/12) + 5. Let a be (1/v)/((-8)/352) + -5. Give c(a).
9
Let q(t) = -4*t**2 + 4*t + 1. Let z = -98 - -97. Let j be q(z). Let f(k) be the first derivative of k**4/4 + 8*k**3/3 + 4*k**2 + 5*k + 1. Determine f(j).
-2
Let j(n) = -n - 1. Let z(c) = 4*c + 1. Let h be (-10)/(-3)*(-33)/22. Let t(q) = h*j(q) - 3*z(q). Give t(-2).
16
Suppose 205*y - 651 = -10*y + 285 - 76. Let f(n) be the second derivative of -n**4/6 + n**3/6 - 2*n**2 - n. Give f(y).
-32
Let d(p) be the first derivative of -3*p**4/4 + 3*p**2/2 - 2*p + 447. What is d(1)?
-2
Let q(t) = 19 + 180 - 4477*t + 1492*t + 1490*t + 1489*t. Determine q(31).
13
Let y(f) be the first derivative of -f**3/3 + f**2/2 - 1094. Let j = -23 + 35. Let w be 6/(-4)*16/j. Calculate y(w).
-6
Let q(y) = -2*y**2 - 29*y - 19. Let a(o) = o**2 - 17*o - 1424. Let r be a(47). Give q(r).
-5
Let y = 4 + -6. Let u(w) = w**2 + w + 1. Let z(i) = 3*i**2 + 7*i + 7. Let a(t) = y*u(t) + z(t). Let g be (-4 + 3 - -15)/(-51 - -49) - -1. Give a(g).
11
Let d be (-38)/(-247) - 2190/39. Let v be 312/d + 20/35. Let y(l) = l**3 + 6*l**2 - 3*l - 4. Give y(v).
36
Let k(z) = 17*z**2 + 14*z - 28. Let q be k(1). Let c(r) = r**2 + 21*r - 62. Determine c(q).
10
Let x(b) = -4*b**2 + b + 1. Suppose 4*r = 65 - 5. Suppose 0*a = 3*a + 4*z + 15, 5*z + r = -3*a. Let j(s) = s**3 + 7*s**2 + 9*s - 6. Let l be j(a). What is x(l)?
-4
Let d be ((-91)/(-39) + -3)*-6. Let y(c) = 10*c - 9. Calculate y(d).
31
Let f(u) = u**2 - 32*u - 2. Suppose 12 = -79*k + 83*k, -k - 93 = -3*d. Determine f(d).
-2
Let c = 451 + -446. Suppose 0 = 3*w - 4*r + 13 - c, -4*w = 4*r + 48. Let a(y) = 2*y + 9. What is a(w)?
-7
Suppose -164 + 166 = h - t, -t = 4*h - 38. Let m(z) = 6*z**2 - 48*z + 8. What is m(h)?
8
Let c(m) be the third derivative of -m**6/720 - m**5/10 - 4*m**4 - 75*m**2. Let k(d) be the second derivative of c(d). Determine k(-7).
-5
Let o(f) = -f**3 + 4*f**2 + f - 2. Let g = 425 + -406. Let b be 69/21 - 4/14. Suppose -g + 10 = -b*m. Give o(m).
10
Let g(f) = -12*f - 12. Suppose 6*q - 875 = -881. What is g(q)?
0
Suppose -3*b - l - 13 = 0, 0*b + 10 = -3*b + 2*l. Let n(z) be the second derivative of -z**2 - 2*z + 0 - 1/3*z**3. Calculate n(b).
6
Let x(l) be the first derivative of -l**4/4 + 16*l**3/3 - 15*l**2/2 + 17*l + 2083. Determine x(15).
17
Let w(c) be the first derivative of -3*c**2/2 + 90*c + 4441. Determine w(26).
12
Let v = 46 + -44. Let h(u) = 1 - 19*u + 1 + v*u**3 + 36*u - 18*u. What is h(2)?
16
Suppose -q + 2*x = -26, 9*q - 3*x = 6*q + 78. Suppose 28*j - q*j + 10 = 0. Let f(k) = -k**2 - 9*k - 11. Determine f(j).
9
Let j(g) = 2*g - 4. Let t(p) = -4*p**2 + p. Let k be t(-1). Let q(x) = 11*x + 1 - 5*x + 0 - 7*x + 0*x. Let f be q(k). Determine j(f).
8
Suppose 200*l + 399 = -1. Let u(t) = t**3 - t**2 - 6*t + 1. Calculate u(l).
1
Let w(s) be the first derivative of -s**2 + 17*s + 191. Determine w(8).
1
Let r(l) = -8*l**2 - 1009*l - 124. Let n be r(-126). Let a(s) be the third derivative of 34*s**n + 0*s + 0 - 1/24*s**4 + 0*s**3. Give a(-6).
6
Let c be ((-108)/72)/((-6)/16). Let f be -9*c/6 + 7. Let p(m) = -11*m. Calculate p(f).
-11
Let b(k) be the second derivative of -61*k**5/10 - k**3/6 + k**2 - 3357*k. Give b(1).
-121
Let h(f) = f**3 - 66*f**2 + 187*f + 131. Suppose -4*a = 3*b - 234 + 9, -3*a + 234 = -5*b. Calculate h(a).
5
Suppose -11 = -5*j + 24. Let f(z) = 8*z**2 - 534*z**3 + 1065*z**3 + 77*z - 532*z**3 - 85*z. Calculate f(j).
-7
Let w(m) = -12 - 9*m + 7*m - 15 + 34 - 11. What is w(15)?
-34
Let g(a) = -a**3 - 3*a**2 + 8*a + 6. Let w be g(-5). Let m = -24 + w. Let c(v) = -2*v + 41. Let o(y) = y - 15. Let h(i) = -2*c(i) - 5*o(i). What is h(m)?
1
Let v(j) = -j + 11. Suppose -4*p + 72 = -10*p. Let n be (-4)/(-2 + p/(-8)). Calculate v(n).
3
Let s(i) = 3*i**2 + i**3 + 9 - 4 + i + i**2. Let f(y) = y**2 + 25*y - 190. Let m = -1921 - -1890. Let t be f(m). Determine s(t).
1
Let p(f) = 11400 + 6*f**3 - 9*f - 5*f**3 + 14*f**2 - 11384. Calculate p(-15).
-74
Let w(s) = 3*s + 2. Let o = -30 - -32. Let f = o + 36. Let i = f - 41. What is w(i)?
-7
Let n(z) = 0 + 6970*z - 2326*z - 15*z**3 - 3 - 2*z**2 - 2324*z - 2325*z. Give n(-1).
15
Let m(z) be the third derivative of z**7/420 - z**6/180 - z**5/60 - 7*z**3/2 + 4*z**2 + 12. Let n(l) be the third derivative of m(l). Calculate n(2).
20
Let w(v) = -v**2 + v - 2. Let b(x) be the second derivative of -x**4/3 + x**3/3 - 3*x**2 - 2*x - 5. Let u = 21 + -19. Let l(c) = u*b(c) - 7*w(c). What is l(-4)?
-2
Let h(s) = -40*s + 361. Let p be h(9). Let m(b) = -3*b + 9. Give m(p).
6
Let r(t) = 2*t**3 - 9*t**2 - 7*t. Let b = -52 + 56. Let j(u) = -6*u**3 + 25*u**2 + 20*u + 1. Let f(y) = b*j(y) + 11*r(y). What is f(3)?
-32
Let g(o) = 5*o + 2. Let u(i) = -18*i - 2. Let x(r) = 3*g(r) + u(r). Determine x(-2).
10
Let a = 17 - 19. Let o(z) = 15 - 1 - 13 - 2*z. Calculate o(a).
5
Let q(x) be the first derivative of 1/2*x**2 + 1/4*x**4 - 68 + 3*x - 4/3*x**3. Suppose 6*l - 13 = 11. Determine q(l).
7
Let g(x) = x**2 + 5*x - 2. Suppose 3*l = l + 8. Suppose -4*n + 5*m - 35 = n, -l*m = 5*n + 26. Let t be (16/n)/((-10)/(-15)). Give g(t).
-6
Let f = -102 + 23. Let z = f + 76. Let w(m) be the third derivative of -m**4/24 + m**3/6 - 2*m**2. Determine w(z).
4
Let f(x) = -2*x**2 + x + 1. Let l(k) = -11*k**2 + 8*k + 2. Let i(p) = -10*f(p) + 2*l(p). What is i(2)?
-2
Let a(m) = m**2 + 17*m + 29. Let c be (-138)/115*(550/4)/11. Determine a(c).
-1
Let x(z) = -133013*z - 2*z**2 + 0*z**3 + 9*z**3 + 132957*z + 57. Calculate x(1).
8
Let k(g) be the third derivative of -g**7/840 + g**6/45 + g**5/15 + g**4/3 - 4*g**3/3 - 123*g**2. Let s(p) be the first derivative of k(p). Calculate s(9).
-1
Let k(n) = -42 + 36*n + 35*n + 36*n + 31*n - 133*n. What is k(10)?
8
Let a(y) = 23*y**2 + 5 + 8*y + 16*y**2 - 38*y**2. Let d(w) = 7*w - 188. Let t be d(26). Give a(t).
-7
Let q = -3 - -2. Let l(z) = 2*z**2 + 13*z + 4. Let b(m) = -m**2. Suppose 2*c = y - 5, -5 + 8 = -3*y. Let d(w) = c*b(w) + q*l(w). Give d(13).
-4
